.
1757
What is the highest common factor of 33615 and 963215?
415
Calculate the greatest common divisor of 4820 and 2718200.
20
What is the highest common factor of 825925 and 3925?
25
What is the greatest common divisor of 795 and 59099028?
159
What is the highest common factor of 57 and 354816165?
57
What is the highest common divisor of 7 and 82591943?
7
Calculate the greatest common divisor of 1625 and 4079855.
65
What is the highest common divisor of 54135 and 1044605?
2005
Calculate the highest common divisor of 10 and 85909300.
10
Calculate the greatest common divisor of 67747 and 2916562.
37
Calculate the highest common factor of 110 and 914408.
22
Calculate the highest common divisor of 7728 and 53688.
24
What is the highest common divisor of 253329257 and 17?
17
Calculate the highest common factor of 118 and 86621263.
59
What is the greatest common factor of 637 and 1194718980?
637
What is the highest common divisor of 530 and 4185463?
53
What is the greatest common factor of 190 and 13888715?
95
What is the greatest common factor of 300 and 363170040?
60
What is the highest common divisor of 2396 and 56440?
4
What is the greatest common divisor of 23349 and 119454?
129
Calculate the greatest common factor of 14157328 and 2108.
2108
Calculate the greatest common factor of 4 and 1769164.
4
Calculate the greatest common divisor of 3280854 and 6.
6
Calculate the greatest common divisor of 4520860 and 1330.
190
What is the greatest common factor of 5500 and 228540125?
1375
Calculate the highest common divisor of 30 and 465824205.
15
What is the greatest common factor of 360505174 and 874?
46
Calculate the highest common divisor of 18980472 and 1176.
168
What is the greatest common factor of 6170 and 69625982?
1234
What is the greatest common factor of 576 and 8891040?
96
Calculate the highest common divisor of 7 and 202601.
7
What is the highest common divisor of 84 and 233862?
6
What is the greatest common divisor of 297459 and 53199?
207
Calculate the highest common divisor of 18876339 and 122598.
1251
What is the highest common divisor of 169 and 78592033?
13
Calculate the greatest common factor of 20480 and 10640.
80
Calculate the highest common divisor of 9981616 and 128.
16
Calculate the highest common divisor of 749832 and 568.
8
What is the highest common factor of 4940 and 2610220?
380
Calculate the greatest common factor of 10068 and 2003622612.
10068
What is the greatest common divisor of 4556 and 579217948?
4556
What is the highest common factor of 93 and 211493811?
93
Calculate the highest common divisor of 818835 and 4945005.
1185
Calculate the highest common factor of 33456 and 11355524.
2788
What is the highest common factor of 15570 and 1531273170?
5190
Calculate the highest common divisor of 260 and 1321047130.
130
Calculate the greatest common factor of 21068032 and 7191.
799
Calculate the greatest common factor of 2783 and 123431.
11
What is the highest common divisor of 26288 and 16563083?
1643
What is the greatest common divisor of 12695620 and 1590?
530
What is the highest common factor of 24740420 and 148?
148
What is the highest common divisor of 292810 and 1069068?
1246
Calculate the greatest common divisor of 11645784 and 120.
24
What is the greatest common divisor of 410306 and 36851?
43
What is the greatest common divisor of 24 and 10454296?
8
What is the greatest common factor of 1157 and 809042?
13
Calculate the highest common divisor of 28093802 and 300038.
7318
What is the greatest common factor of 52495209 and 64233?
1053
Calculate the greatest common factor of 4938448 and 45504.
1264
Calculate the greatest common factor of 7834 and 8234.
2
Calculate the highest common factor of 2951 and 191633.
13
Calculate the highest common divisor of 1732992 and 4992.
384
Calculate the highest common factor of 4933525 and 25.
25
What is the greatest common factor of 4068548329 and 4733?
4733
What is the highest common factor of 344 and 193371?
43
Calculate the highest common divisor of 1338853114 and 82.
82
Calculate the greatest common divisor of 3866856 and 2744.
56
What is the greatest common factor of 29 and 12675204?
29
What is the greatest common factor of 758226837 and 87?
87
What is the highest common divisor of 4932375 and 63?
21
What is the highest common divisor of 31479 and 22485?
4497
What is the highest common factor of 2268 and 391720?
28
What is the greatest common factor of 8004 and 811942?
58
What is the greatest common factor of 81008 and 16592?
976
What is the highest common factor of 711375 and 28000?
875
What is the greatest common divisor of 584 and 9064556?
292
What is the greatest common factor of 44 and 4956314?
22
What is the highest common factor of 2853409787 and 31?
31
What is the highest common factor of 73349506 and 1042?
1042
Calculate the highest common divisor of 146 and 1484579173.
73
What is the greatest common factor of 32292 and 1109434716?
10764
What is the highest common divisor of 3228 and 191298?
6
Calculate the highest common factor of 140 and 6986.
14
What is the highest common factor of 21905616 and 3888?
48
Calculate the greatest common divisor of 359 and 2138204.
359
Calculate the highest common factor of 491480 and 17720.
40
Calculate the greatest common factor of 23098462 and 189802.
4414
What is the highest common divisor of 5870 and 456686?
1174
Calculate the greatest common divisor of 22102 and 57706.
86
What is the greatest common factor of 1712687 and 2321?
211
What is the greatest common factor of 30 and 1203168?
6
Calculate the highest common divisor of 147 and 36635298.
21
Calculate the highest common factor of 7008008 and 163576.
1288
What is the greatest common divisor of 15896472 and 16?
8
What is the highest common factor of 88 and 206953912?
88
What is the highest common divisor of 129911 and 820053?
163
What is the greatest common divisor of 420700149 and 16638?
8319
Calculate the highest common divisor of 1617613 and 121900.
1219
What is the highest common divisor of 58789661 and 196?
49
Calculate the highest common factor of 664 and 6306257.
83
Calculate the greatest common factor of 1309 and 3673747.
77
Calculate the highest common factor of 3939 and 347487.
3
Calculate the highest common factor of 25653713 and 1.
1
Calculate the greatest common divisor of 242 and 511614015.
121
What is the greatest common divisor of 8595 and 3158185?
955
Calculate the greatest common divisor of 220676 and 1773106.
2566
Calculate the highest common divisor of 195424730 and 90.
10
Calculate the highest common divisor of 65 and 247060827.
13
What is the highest common divisor of 1624 and 45750922?
406
Calculate the greatest common divisor of 2646 and 10693350.
54
What is the highest common factor of 2294 and 911532?
74
Calculate the greatest common divisor of 223 and 33325343.
223
Calculate the highest common divisor of 201779250 and 1500.
750
Calculate the greatest common factor of 1512 and 1076563278.
378
Calculate the highest common divisor of 29698609 and 281.
281
Calculate the greatest common divisor of 178876343 and 1018.
509
What is the highest common factor of 12488905 and 715?
715
What is the highest common factor of 1309716 and 2964?
12
What is the highest common divisor of 50 and 252198800?
50
What is the highest common factor of 86569 and 35139713?
1043
Calculate the highest common factor of 100 and 19706175.
25
Calculate the highest common divisor of 11 and 456849668.
11
Calculate the greatest common divisor of 55607 and 23691853.
3271
What is the greatest common divisor of 46 and 7411727?
23
Calculate the highest common divisor of 615 and 130855.
5
What is the highest common divisor of 195 and 2741670?
15
Calculate the highest common divisor of 2844 and 9047475.
711
Calculate the highest common divisor of 154224156 and 3228.
3228
What is the greatest common factor of 104 and 121109690?
26
Calculate the highest common divisor of 3150 and 1798577550.
3150
Calculate the highest common divisor of 1641383 and 5260.
263
Calculate the highest common divisor of 437 and 10841533.
437
What is the highest common factor of 72081 and 177743737?
8009
What is the greatest common divisor of 50717 and 153422?
41
Calculate the highest common divisor of 116 and 22137231